se 13, what is -73 - -b1845c?
b183b9
In base 16, what is a5e7e + 10?
a5e8e
In base 12, what is -b3766 + -36?
-b37a0
In base 3, what is 12 + 10020210222220022?
10020210222220111
In base 12, what is -7 - 7781536?
-7781541
In base 13, what is 1242 + 2770?
39b2
In base 12, what is 63962828 - 1?
63962827
In base 6, what is 20244 + -204510?
-144222
In base 2, what is 101000001010110100 - 1010100?
101000001001100000
In base 6, what is -10113121 + 224?
-10112453
In base 7, what is -12222 + -6116?
-21341
In base 11, what is 993155 + 0?
993155
In base 12, what is -9 - 2415a99?
-2415aa6
In base 15, what is -837 - -301e?
26d7
In base 14, what is 3 - -15b2a6?
15b2a9
In base 3, what is 121001020212202 + -10020?
121001020202112
In base 9, what is 12 - -457706?
457718
In base 5, what is 121101 - -31?
121132
In base 7, what is 55166 - -144541?
233040
In base 11, what is -105468 - 81?
-105539
In base 7, what is 4 + -3652154341?
-3652154334
In base 8, what is -360640016 - 4?
-360640022
In base 4, what is -101033301 - 1121323?
-102221230
In base 5, what is -1200 + 10120242?
10114042
In base 5, what is 233410 + -2413?
230442
In base 5, what is 14 + -1144142003?
-1144141434
In base 4, what is -100 + -12321322202?
-12321322302
In base 8, what is -6 - -46511277?
46511271
In base 12, what is 5 + 1904ab2?
1904ab7
In base 14, what is -3 + 17b2343?
17b2340
In base 10, what is -4216 - -2053?
-2163
In base 9, what is -1361534145 - 4?
-1361534150
In base 6, what is 303 - -11002235?
11002542
In base 5, what is 320 - -1101043?
1101413
In base 14, what is -943c + -6928?
-11d66
In base 11, what is -226a636a9 + -3?
-226a63701
In base 2, what is 1010111001011101 + 10100001000110?
1101011010100011
In base 7, what is 232631 - -4214?
240145
In base 15, what is 8224 - 90c3?
-d9e
In base 14, what is -3 + -1579b34?
-1579b37
In base 14, what is 2dda382 + -4?
2dda37c
In base 9, what is 653 + -10676?
-10023
In base 12, what is 308b28 - -25?
308b51
In base 13, what is -278183 + 4c?
-278134
In base 16, what is a8d + 636?
10c3
In base 8, what is 13070015 + 410?
13070425
In base 16, what is -3d4ae - 77e?
-3dc2c
In base 8, what is 1566160 - 13?
1566145
In base 8, what is -1171465 + -12?
-1171477
In base 10, what is -6400 + -356?
-6756
In base 14, what is -72 - 2c732b?
-2c739d
In base 3, what is -2002 + 120120220201?
120120211122
In base 7, what is -35402266015 + 1?
-35402266014
In base 14, what is b35ca + 12?
b35dc
In base 10, what is 3 + -2893717?
-2893714
In base 8, what is -3 - 244434155?
-244434160
In base 2, what is 1110010 - -10101011000010?
10101100110100
In base 13, what is -15 + 19aa95?
19aa80
In base 11, what is -5 + -4a4183a?
-4a41844
In base 11, what is -8734 + -26?
-875a
In base 12, what is -15707446 + -1?
-15707447
In base 8, what is -137 - 3043216?
-3043355
In base 16, what is -305c9b - -2?
-305c99
In base 11, what is -28 + 116269a8?
11626980
In base 3, what is 10021 + -21011022212?
-21011012121
In base 10, what is 352 + 95079?
95431
In base 16, what is 46552e4 + 2?
46552e6
In base 11, what is -440a741 + -19?
-440a75a
In base 4, what is -30331223122 + -12?
-30331223200
In base 2, what is 1 - -100001001001101010110?
100001001001101010111
In base 8, what is -1623 + 12160?
10335
In base 7, what is -102 - -20312554?
20312452
In base 15, what is -a92e99e + 3?
-a92e99b
In base 3, what is 2120220221212 - -20?
2120220222002
In base 3, what is -2010121 + -1121010111?
-1200021002
In base 14, what is -5 + -285a801?
-285a806
In base 2, what is 101 - 1010101101100010110010?
-1010101101100010101101
In base 2, what is 11000000101 + -1111010110101?
-1100010110000
In base 16, what is -263a - -a0?
-259a
In base 16, what is -1 + a0344d5?
a0344d4
In base 4, what is -121313 + -10032?
-132011
In base 3, what is 12 + -112122210101221?
-112122210101202
In base 7, what is -564 - 402644?
-403541
In base 9, what is 101524514 - 1?
101524513
In base 4, what is 3 - 12101330022?
-12101330013
In base 12, what is -7 - 49750b?
-497516
In base 12, what is -511381 - -13b?
-511242
In base 7, what is 4 - 126623612?
-126623605
In base 3, what is 2121012100011 - 10?
2121012100001
In base 12, what is -6 + 493811?
493807
In base 8, what is 5 - 74120113?
-74120106
In base 7, what is -130 - 236436?
-236566
In base 8, what is 1430 + -21033?
-17403
In base 6, what is 13220 - 110033?
-52413
In base 4, what is 11 - 21030133000?
-21030132323
In base 14, what is -3656a + 29?
-36541
In base 11, what is -a187679 - 28?
-a1876a6
In base 10, what is -47368 + 256?
-47112
In base 8, what is 747 + 6045?
7014
In base 15, what is 63a60 - 10b4?
6299b
In base 8, what is -13437 + 26?
-13411
In base 10, what is 5 - 5992291?
-5992286
In base 2, what is -100 + -1101011101111111001111100111?
-1101011101111111001111101011
In base 4, what is -322001031301 - 3?
-322001031310
In base 4, what is 1332312331330 + 10?
1332312332000
In base 3, what is -120112112002102 + 11?
-120112112002021
In base 16, what is 139f6b71 - 0?
139f6b71
In base 6, what is 0 + -1030320245?
-1030320245
In base 12, what is -150452b92 - 3?
-150452b95
In base 10, what is -123337 - -283?
-123054
In base 9, what is -242 - 1384?
-1636
In base 8, what is 5 + 32670634?
32670641
In base 16, what is 2a52c2 - 1c?
2a52a6
In base 3, what is 0 + 22021111100201?
22021111100201
In base 13, what is -3 + -66b2450?
-66b2453
In base 7, what is -100 + 150536601?
150536501
In base 15, what is 38d33eb + -1?
38d33ea
In base 14, what is 1366 - -654?
19ba
In base 2, what is -100101111001110111011 - 11?
-100101111001110111110
In base 14, what is -3a + -2073?
-20ad
In base 14, what is 180b + 15029?
16836
In base 4, what is 1120202 - -12310102?
20030310
In base 3, what is 20 - -12001122012012?
12001122012102
In base 3, what is 10012110122221 + 0?
10012110122221
In base 3, what is -1021 - 22110220221101?
-22110220222122
In base 3, what is 2 + -20112211022112?
-20112211022110
In base 10, what is 43244151 + -2?
43244149
In base 8, what is 5 - 330425463?
-330425456
In base 9, what is -180200204 - 6?
-180200211
In base 3, what is 20222102 + 1200201122?
1221201001
In base 5, what is -11000334423 + 0?
-11000334423
In base 11, what is 5 + -3402878?
-3402873
In base 3, what is 2100011021 - 12121101?
2010112220
In base 2, what is -101 - 10011100101100111101001?
-10011100101100111101110
In base 11, what is -76a91361 + -4?
-76a91365
In base 13, what is 3 - 3126430?
-312642a
In base 13, what is -2c6b - 10b2?
-4050
In base 5, what is 103342 - 11324?
42013
In base 14, what is -1 - 3222651?
-3222652
In base 11, what is 49141531 - 0?
49141531
In base 4, what is -130031001 + -2320?
-130033321
In base 3, what is -1110002 + -222100?
-2102102
In base 6, what is -254 - -1112235?
1111541
In base 4, what is -233331110 - 202?
-233331312
In base 8, what is 141 + 601567?
601730
In base 8, what is 110245 + -2575?
105450
In base 14, what is -8788 - 216?
-89a0
In base 13, what is 5bb806c9 - 2?
5bb806c7
In base 3, what is 2020021221101 + -1?
2020021221100
In base 15, what is -171e - 8a?
-17a9
In base 7, what is -23456 + -24666?
-51455
In base 16, what is -4 - 438a96?
-438a9a
In base 7, what is -1 - -2433060?
2433056
In base 16, what is ea + 1946?
1a30
In base 15, what is -3d555c - 53?
-3d55b0
In base 2, what is 101111011100001000111 + 10?
101111011100001001001
In base 11, what is 10120a2 + -42?
1012060
In base 10, what is 26000 + 6452?
32452
In base 14, what is 3d + -1c0d61?
-1c0d22
In base 12, what is 2 + 516596?
516598
In base 9, what is -18185386 + 23?
-18185363
In base 2, what is -10001111000 - -100010111111111110?
100010101110000110
In base 10, what is -225662 + 49?
-225613
In base 11, what is 5 + 5aa3a2?
5aa3a7
In base 10, what is -31078 - 431?
-31509
In base 13, what is 3a - 3136a?
-31330
In base 7, what is 126 + -406643?
-406514
In base 9, what is -1 + 7461630?
7461628
In base 16, what is -2 - -167b758?
167b756
In base 4, what is -323 + -231330132?
-231331121
In base 16, what is b + 7c573?
7c57e
In base 3, what is 202000111210102 + 2?
202000111210111
In base 11, what is 917 + 123269?
124085
In base 10, what is 2646 - 16587?
-13941
In base 13, what is 25 + 2735a3?
2735c8
In base 2, what is 111100101110010001000 - -1110000?
111100101110011111000
In base 3, what is 2002 - 1021221102100?
-1021221100021
In base 15, what is -5a